 and h.
6
Suppose 2*l + 142 = -3*w, 0 = -0*w - 5*w + 3*l - 262. Let q = w + 120. Suppose -q - 5 = -c. Calculate the highest common divisor of 30 and c.
15
Let q = 2 - 0. Let i(h) = -3*h. Let v be i(q). Let o = 8 + v. What is the highest common divisor of 2 and o?
2
Let l be (-133)/(-2) - (-4)/(-8). Suppose -m = m - l. What is the highest common factor of m and 22?
11
Suppose -30 = 4*a - 146. Let v be 1/(2/(a + 1)). Calculate the highest common factor of v and 10.
5
Suppose 0 = -18*o + 97 + 65. Let z = -4 - 3. Let t = -4 - z. What is the greatest common divisor of o and t?
3
Suppose 0 = -4*m - 3*k + 64 - 24, 0 = -3*k. Calculate the greatest common factor of m and 15.
5
Let h(o) = -3*o**3 + 4*o**3 + o**2 - o + 0*o**2. Let y be h(0). Suppose y = -5*d + 61 + 9. What is the greatest common factor of d and 21?
7
Suppose -c - 49 = -4*g, 3*c + 11 + 4 = 0. Calculate the greatest common factor of 44 and g.
11
Suppose 9 = 5*w - 6. Suppose 80 - 23 = 3*u. Suppose -w*q = -2 - u. What is the highest common factor of 28 and q?
7
Suppose 0 = 5*w - 2*w. Let l(o) = -o + 74. Let h be l(w). Suppose 16 = -4*y, 5*t - 2*y - 24 = h. Calculate the highest common divisor of 90 and t.
18
Suppose 3*h = -2 + 8. Calculate the highest common factor of h and 22.
2
Let w(h) = -h + 3. Let l be w(3). Suppose l = -0*f - 4*f + 40. Calculate the highest common factor of 2 and f.
2
Let a(t) = t - 3. Let j be a(6). Suppose -j*y + 2*w = -20, 0 = 4*y - 3*y + 4*w + 12. Calculate the greatest common factor of y and 4.
4
Let u = 4 + -4. Let x be 38 + (u - 0) + 2. What is the greatest common divisor of x and 8?
8
Suppose 4*o - 4*q = -61 + 197, o + q = 34. Suppose -6*y + 4*y = -o. What is the greatest common factor of 17 and y?
17
Let z(m) = m**3 + 9*m**2 + 8*m + 5. Let o be z(-8). Suppose 2*p - o*p = -90. Suppose 2*i + 0*i - p = 0. Calculate the highest common factor of 3 and i.
3
Let v be 4 - ((-10)/5 + 4). Calculate the greatest common factor of v and 2.
2
Let w(b) = -3 + 3 - 28*b. Suppose 2*r + 5 = -3*p + 1, 0 = -2*p. Let z be w(r). What is the highest common factor of z and 7?
7
Let x be (14/(-6) + 3)*-51. Let g be x*(3 - (-63)/(-6)). Let f be (g/(-10))/((-3)/4). What is the highest common divisor of 17 and f?
17
Let g(h) = h - 5. Let m be g(6). Let b be 67 - (m + -2)/1. Suppose -3*d - 5*v = -69 + 17, 0 = 5*d - v - b. What is the highest common factor of d and 154?
14
Let f(l) = -l**2 - 7*l - 6. Let p be f(-5). Let i(u) = u + 1. Let j be i(p). What is the greatest common factor of j and 25?
5
Let d = 17 - 11. Calculate the greatest common divisor of d and 66.
6
Suppose 35 = 7*f - 2*f. Suppose 2*l = f + 31. Calculate the highest common factor of 19 and l.
19
Let h(w) = 46*w**2 + w - 1. Let f be h(1). What is the highest common divisor of f and 368?
46
Let w(v) = v**3 + 8*v**2 + 4*v - 9. Let h be w(-7). Calculate the highest common divisor of 108 and h.
12
Suppose l - 13 = -g + 3, -3*l = -3*g - 72. Suppose 5*j + 0 = 20. What is the highest common divisor of l and j?
4
Let k(j) = 37*j - 9. Let o be k(3). Calculate the highest common factor of o and 17.
17
Let p = -4 - -17. Let m be (-2)/(-2)*-1 + 1. Suppose -z = -5*w + 301 - 46, -w - 4*z + 72 = m. Calculate the highest common divisor of w and p.
13
Let y(t) = -73*t + 1. Suppose -f + 0*f = 2. Let o be y(f). What is the greatest common divisor of o and 21?
21
Suppose -50 = -2*k - f + 4*f, 0 = -5*f. Suppose 3*n - 6 = -3*s, -s + 28 = 5*n - 2*s. Calculate the highest common factor of n and k.
5
Suppose -4*a + 58 = 2*h, 3*h + 0*h - 73 = a. What is the greatest common divisor of 10 and h?
5
Let r = -244 + 409. Let x(p) = p**3 - 3*p**2 - 3. Let s be x(3). Let y be (s/(-4))/(2/40). Calculate the highest common divisor of y and r.
15
Let c(h) = -h + 2. Let j be c(4). Let r be (5/(-3))/(j/12). Let d be -1*4/(-6)*105. What is the highest common divisor of r and d?
10
Let n be 91/21 - (-2)/(-6). Calculate the highest common divisor of n and 40.
4
Let d = 7 + -4. Suppose -3*y + d = -33. Calculate the greatest common divisor of 12 and y.
12
Suppose 6*g + 2 = 7*g. Let p = 4 - 0. What is the highest common divisor of g and p?
2
Let f be ((-6)/(-18))/((-1)/(-9)). Let t be 10/f*120/25. Let w(b) = -b + 128. Let v be w(0). Calculate the highest common factor of v and t.
16
Suppose -i + 2*i + 5*m - 385 = 0, -1946 = -5*i - 4*m. What is the highest common divisor of i and 39?
39
Suppose -5*z = 15, 2*d + z + 1107 = 4*d. Suppose 3*x + 4*t - 336 = 0, -3*t = 5*x + t - d. What is the highest common factor of 12 and x?
12
Let w(d) = d + 40. Let r be w(0). Calculate the highest common factor of r and 80.
40
Let d = 4 - -6. Let n be (-711)/(-2) - (-2)/(-4). Suppose -3*h + 225 = -3*v, h - 6*h + v = -n. What is the highest common divisor of d and h?
10
Let v(c) = 3*c**2 + 18*c - 2. Let t be v(-7). What is the greatest common divisor of t and 95?
19
Let o(z) = -z**3 - 5*z**2 + 4*z - 8. Let b be o(-6). Let n(i) = 4*i**2 + 41*i + 11. Let u be n(-10). What is the highest common factor of b and u?
1
Let z(d) = -d + 5. Let l be z(-3). What is the greatest common factor of 32 and l?
8
Let m(k) = -k + 4. Let n be m(4). Suppose 75 = -5*a - n*a. Let d = -10 - a. Calculate the highest common factor of d and 5.
5
Let a = 305 + -615. Let l = -214 - a. What is the greatest common divisor of 12 and l?
12
Let g(z) = z**2 - 6*z - 2. Let i be g(6). Let w = i - -1. Let s be (w - -3)*(-1 + 18). Calculate the highest common divisor of 51 and s.
17
Let t be 7/((-7)/(-15)) + -1. What is the highest common divisor of t and 7?
7
Suppose -5 = -j + 9. Let p be 1/2 - (-147)/j. Calculate the highest common divisor of 88 and p.
11
Let o(x) = -x**3 + 6*x**2 + 2*x - 7. Let a be o(6). Let q(w) = 2*w**2 + 10*w - 8. Let s = -13 - -5. Let r be q(s). What is the highest common factor of a and r?
5
Suppose 4*p + 15 = 2*q - 3, -3*q = p - 48. Let s(t) = -t - 9. Let v be s(-11). Suppose -36 - 54 = -v*w. What is the highest common divisor of w and q?
15
Let p = -77 + 125. Suppose 3*h + 8 = 17. Suppose d + h*d - p = 0. What is the highest common factor of 24 and d?
12
Let v be (-50)/4*-2 + -1. Let i = v - 11. Let y(w) = -w**3 + w**2 - w + 117. Let b be y(0). What is the highest common factor of i and b?
13
Suppose -5*m = 2*a - a - 166, 4*m + 4*a - 136 = 0. Let l = 51 - m. Calculate the highest common factor of l and 2.
2
Let o(p) = 2*p - 1. Let d be o(2). Let k(x) = -x**3 + 4*x**2 + 3. Let f be k(d). What is the greatest common factor of 60 and f?
12
Suppose 3*f = -5*u + 16, u = 5*f + 3 - 11. Suppose 3*o = -2*o - 5*i + 155, 94 = 3*o + u*i. What is the greatest common factor of 48 and o?
16
Let g(m) = m**2 + 3*m + 8. Let n be g(-3). What is the highest common divisor of 8 and n?
8
Let l be (-66)/(-4)*(-7 + 15 - 6). What is the greatest common factor of l and 33?
33
Let l be 8/6*3/2. Let u be -4*(-1)/6*3. Calculate the greatest common factor of l and u.
2
Let r be 20/25 - 21/(-5). Suppose -4*a + a - r*o = -36, 4*a = o + 71. Calculate the greatest common factor of 153 and a.
17
Let g(p) = -2*p**3 + 17*p**2 + 12*p + 1. Let a be g(9). What is the greatest common divisor of 252 and a?
28
Let c(n) = -n**2 - 7*n - 7. Let o be c(-6). Let t(r) = -25*r**3 + r**2 + r + 1. Let a be t(o). What is the greatest common factor of 39 and a?
13
Let j(z) = z**3 + 5*z**2. Let o be j(-5). Let c(d) = -d + o + d - d + 9. Let y be c(4). What is the greatest common factor of y and 1?
1
Let o be (-7)/(-2)*(-2)/(-1). Let a = 14 - o. What is the greatest common divisor of a and 21?
7
Let z = 30 + -9. Let s = 43 - z. What is the greatest common factor of s and 176?
22
Let w = 148 - -258. Let g(c) = -16*c**2 + 6*c + 6. Let y be g(-4). Let a = w + y. What is the greatest common divisor of a and 12?
12
Suppose -s + 0*s + 45 = 0. Let m = -54 + 33. Let v = m - -30. What is the greatest common factor of v and s?
9
Suppose -3*v + 4*c + 137 = -37, 219 = 4*v - c. Let b be 24/14 + (-4)/(-14). Let n = b - -4. What is the greatest common divisor of n and v?
6
Suppose 0 = 2*f - c - 63, 0 = -2*f + c + 2*c + 61. Suppose 0 = 4*d - 3*y - 323, 0 = -4*d - 2*y + 245 + 73. What is the greatest common factor of f and d?
16
Suppose 1008 = 4*w - 4*u, 1 + 1 = -2*u. Suppose 3*x = -2*l + 7*l - 373, -5*x + w = 3*l. Let a = 18 + -11. What is the highest common factor 